{"id":387405,"date":"2025-08-23T15:35:41","date_gmt":"2025-08-23T13:35:41","guid":{"rendered":"https:\/\/www.sophie-medien.de\/content\/?page_id=387405"},"modified":"2025-08-23T15:35:41","modified_gmt":"2025-08-23T13:35:41","slug":"kontakt","status":"publish","type":"page","link":"https:\/\/www.sophie-medien.de\/content\/kontakt\/","title":{"rendered":"Kontakt"},"content":{"rendered":"\n<p>Wir sind f\u00fcr euch da! Bald findet ihr hier alle M\u00f6glichkeiten, mit uns in Verbindung zu treten. Schreibt uns gerne schon jetzt &#8211; \u00fcber unsere sozialen Medien &#8211; wir freuen uns auf den Austausch.<\/p>\n\n\n\n<p>Schreib uns schon jetzt, wenn du ein Anliegen hast: <a href=\"mailto:mail@sophie-medien.de\">mail@sophie-medien.de<\/a><\/p>\n","protected":false},"excerpt":{"rendered":"<p>Wir sind f\u00fcr euch da! Bald findet ihr hier alle M\u00f6glichkeiten, mit uns in Verbindung zu treten. Schreibt uns gerne schon jetzt &#8211; \u00fcber unsere sozialen Medien &#8211; wir freuen uns auf den Austausch. Schreib uns schon jetzt, wenn du ein Anliegen hast: mail@sophie-medien.de<\/p>\n","protected":false},"author":1,"featured_media":0,"parent":0,"menu_order":0,"comment_status":"closed","ping_status":"closed","template":"","meta":{"footnotes":""},"class_list":["post-387405","page","type-page","status-publish","hentry"],"_links":{"self":[{"href":"https:\/\/www.sophie-medien.de\/content\/wp-json\/wp\/v2\/pages\/387405","targetHints":{"allow":["GET"]}}],"collection":[{"href":"https:\/\/www.sophie-medien.de\/content\/wp-json\/wp\/v2\/pages"}],"about":[{"href":"https:\/\/www.sophie-medien.de\/content\/wp-json\/wp\/v2\/types\/page"}],"author":[{"embeddable":true,"href":"https:\/\/www.sophie-medien.de\/content\/wp-json\/wp\/v2\/users\/1"}],"replies":[{"embeddable":true,"href":"https:\/\/www.sophie-medien.de\/content\/wp-json\/wp\/v2\/comments?post=387405"}],"version-history":[{"count":0,"href":"https:\/\/www.sophie-medien.de\/content\/wp-json\/wp\/v2\/pages\/387405\/revisions"}],"wp:attachment":[{"href":"https:\/\/www.sophie-medien.de\/content\/wp-json\/wp\/v2\/media?parent=387405"}],"curies":[{"name":"wp","href":"https:\/\/api.w.org\/{rel}","templated":true}]}}